10000000000100000100001101?
1010000000000100000100001101
In base 13, what is -5 - 6c3c75?
-6c3c7a
In base 16, what is -5 - 9c20db9?
-9c20dbe
In base 9, what is -84171701 - -5?
-84171685
In base 7, what is 121634 + -244?
121360
In base 4, what is -2322210 - -10210?
-2312000
In base 7, what is -161143 - -604?
-160236
In base 14, what is -521 + 2818?
22d7
In base 7, what is 22052 + -6163?
12556
In base 8, what is -1113 - 1730?
-3043
In base 7, what is 1530143 + 635?
1531111
In base 16, what is -4e038 + -2c?
-4e064
In base 8, what is -606 - -31013?
30205
In base 4, what is -1310322 - 10012032?
-11323020
In base 9, what is 480 + 136280?
136770
In base 9, what is -200416 + 27?
-200378
In base 11, what is 2402 - 78?
2335
In base 2, what is 10100110111011101100010 + -101?
10100110111011101011101
In base 16, what is 5 - 466e97b?
-466e976
In base 10, what is -3694 + -7372?
-11066
In base 7, what is 103021 + -12562?
60126
In base 4, what is 31 - 222302233322?
-222302233231
In base 9, what is 8222 + 1501?
10723
In base 15, what is -15c20e + 20?
-15c1de
In base 7, what is -333436031 - 0?
-333436031
In base 4, what is -332210 - 20103013?
-21101223
In base 9, what is 56628815 - 2?
56628813
In base 4, what is -321323123 - 3?
-321323132
In base 7, what is -65 + 6603060?
6602662
In base 3, what is 1021002 + -202021121?
-201000112
In base 12, what is 140 - 4836?
-46b6
In base 14, what is 10c5819 + 1?
10c581a
In base 16, what is 12e3fc - -a?
12e406
In base 14, what is 2c - -a61243?
a61271
In base 4, what is 100 - 322311010?
-322310310
In base 4, what is -31011 - -3201320?
3110303
In base 14, what is bd6 + 345?
113b
In base 7, what is -4165 - 10336?
-14534
In base 4, what is 3203333233 - 10?
3203333223
In base 8, what is -4267 + -50747?
-55236
In base 8, what is -46213245 - -11?
-46213234
In base 5, what is 14 - -23212240212?
23212240231
In base 5, what is -2 + -14124210403?
-14124210410
In base 13, what is b6 + -34b7b2?
-34b6c9
In base 10, what is -131420069 - -1?
-131420068
In base 4, what is -21332020301 + -2?
-21332020303
In base 15, what is 196a3 + 28?
196cb
In base 13, what is -27 - -1971c?
196c5
In base 14, what is 0 - -5971b?
5971b
In base 6, what is -223154 + -2501?
-230055
In base 4, what is 121312013112 + 11?
121312013123
In base 4, what is 1010203000 - -331302?
1011200302
In base 11, what is 37 + -6049?
-6012
In base 5, what is 132 + 1344401010?
1344401142
In base 13, what is -68a18 - -52?
-68996
In base 14, what is -2 + -2b5962?
-2b5964
In base 13, what is 9 + -102ca12?
-102ca06
In base 6, what is -2 + -2532331?
-2532333
In base 8, what is 3 + -574037?
-574034
In base 6, what is 4 + -4325240?
-4325232
In base 16, what is -1402 + 6f0e?
5b0c
In base 11, what is 19882a7 - -15?
1988311
In base 3, what is -1101002211022120 - 1120?
-1101002211101010
In base 2, what is -110 - -100101110010110?
100101110010000
In base 11, what is -417 - -8330?
7a14
In base 9, what is 4 + 10262157?
10262162
In base 14, what is aa - 9aa2a?
-9a960
In base 2, what is -100 + -1101101000100101001010010?
-1101101000100101001010110
In base 11, what is 33899 - 155?
33744
In base 5, what is -11030 - 41413?
-102443
In base 5, what is 101110044 + 41?
101110140
In base 12, what is -1099944 + -1?
-1099945
In base 10, what is -3 - -35178502?
35178499
In base 16, what is -a903b + -18e?
-a91c9
In base 11, what is -8884 + 206?
-8679
In base 13, what is 1a3 - -128c?
1462
In base 10, what is 439839 + 1361?
441200
In base 2, what is 101010011 + -100000111100111111?
-100000110111101100
In base 8, what is 2 + -40220173?
-40220171
In base 4, what is -113001223032 - -10?
-113001223022
In base 5, what is -212 - 111012423?
-111013140
In base 16, what is -4 + 5d6e92?
5d6e8e
In base 11, what is 1140a4 - -192a?
115a23
In base 12, what is -3 - 543703?
-543706
In base 16, what is -9c9c0a - 2?
-9c9c0c
In base 10, what is 15 - -5613100?
5613115
In base 11, what is 2 + 8138335?
8138337
In base 12, what is -269 + -9145?
-93b2
In base 8, what is 1402166 + -20?
1402146
In base 10, what is -2 + 56804781?
56804779
In base 7, what is 3 - -23266136?
23266142
In base 12, what is -1 + -624071a?
-624071b
In base 3, what is -12 + 2020120100200120?
2020120100200101
In base 2, what is -101 + -100111110101010111101111010?
-100111110101010111101111111
In base 10, what is 14915 + 229?
15144
In base 3, what is -121011022010121 - -112?
-121011022010002
In base 11, what is 644a - 11044?
-56a5
In base 11, what is -57 + -1a7971?
-1a7a18
In base 10, what is -2 - -2078825?
2078823
In base 6, what is 2454 + -10335033?
-10332135
In base 5, what is 31 + 143121342?
143121423
In base 2, what is 10001100 + -10000110111111?
-10000100110011
In base 16, what is -d - -1c3405?
1c33f8
In base 15, what is -1c + -1c6be97?
-1c6beb4
In base 14, what is -139b0b + -3c4?
-13a0d1
In base 5, what is 23403312 - 1441?
23401321
In base 9, what is 3477502 + -11?
3477481
In base 12, what is -48 - 1aa596?
-1aa622
In base 2, what is -101000010110 - 11101010010111?
-100010010101101
In base 12, what is 492490 - -4?
492494
In base 13, what is 130360 - 1a?
130343
In base 13, what is -1c + -2256778?
-2256797
In base 16, what is 10ea42a + 9?
10ea433
In base 13, what is a5824b65 - -3?
a5824b68
In base 9, what is -14 + 47262?
47247
In base 2, what is -1111111001000101010100 + 11100?
-1111111001000100111000
In base 4, what is 11 + 2311200111301?
2311200111312
In base 15, what is -5c - 49a2ed?
-49a35a
In base 2, what is -110111010101001100 + 11100001110?
-110110111000111110
In base 3, what is -10222101221 + -1122010?
-11001001001
In base 12, what is -84 + -67231?
-672b5
In base 13, what is -10 + -136571a8?
-136571b8
In base 15, what is 1c68e10 - -1?
1c68e11
In base 13, what is -53289 - -c7?
-53192
In base 16, what is c - -3756bb9?
3756bc5
In base 8, what is 26331400 + -7?
26331371
In base 11, what is 6 + 3817311?
3817317
In base 5, what is -3022311434 - 2?
-3022311441
In base 6, what is -1415412 - -101?
-1415311
In base 3, what is -1211 - 22200122200?
-22200201111
In base 15, what is -5ab9eb - 34?
-5aba30
In base 14, what is -c7d + 8290?
7411
In base 13, what is 946c0 - -4c?
9473c
In base 8, what is -544 - -1567452?
1566706
In base 11, what is -357 + -777a0?
-78047
In base 7, what is -30 - 653416302?
-653416332
In base 3, what is -112220002 + -2002110?
-121222112
In base 13, what is a + -43400bb?
-43400b1
In base 3, what is -122121211210021121 - 0?
-122121211210021121
In base 15, what is 9b3073 - 1?
9b3072
In base 9, what is 5 + -7817056?
-7817051
In base 6, what is -452032031 + -13?
-452032044
In base 2, what is -10011000010100 + 111111000?
-10010000011100
In base 6, what is -20342204 + -104?
-20342312
In base 7, what is -1052355360 + 1?
-1052355356
In base 8, what is -12447467 + 52?
-12447415
In base 16, what is -4 + -2d658ad?
-2d658b1
In base 14, what is -17d978 - 8?
-17d982
In base 2, what is 110000000010101011110 - -11000111?
110000000011000100101
In base 3, what is 1002102020212 - 12?
1002102020200
In base 15, what is 4 + -2978325?
-2978321
In base 11, what is -14633 + -649?
-15181
In base 3, what is -10022122002 - -101000?
-10022021002
In base 13, what is 0 + -35b743b?
-35b743b
In base 13, what is 695706 - 4?
695702
In base 8, what is -122307022 - 1?
-122307023
In base 14, what is 20848 - d9?
2074d
In base 8, what is 154527 + 253?
155002
In base 7, what is -162302042 + 43?
-162301666
In base 15, what is 7c + -e34b20?
-e34a93
In base 15, what is 15d4c2 + 83?
15d555
In base 13, what is c + -1a04c94?
-1a04c85
In base 9, what is 7237252 + 14?
7237266
In base 6, what is 5 + -143202030?
-143202021
In base 9, what is -11731585 + 4?
-11731581
In base 14, what is -6a - 45d70?
-45dda
In base 8, what is 12 + -14454653?
-14454641
In base 10, what is -4 + -108955049?
-108955053
In base 11, what is -1 - 10966a5?
-10966a6
In base 7, what is -1655 + 241165?
236210
In base 8, what is -144721 + -46?
-144767
In base 9, what is -1736046 - -7?
-1736038
In base 14, what is -158751 - 15?
-158766
In base 5, what is -2111 + -2333321301?
-2333323412
In base 9, what is 3458 - 658?
2700
In base 10, what is 349 - 169731?
-169382
In base 5, what is 2014 - 10104?
-3040
In base 13, what is 116926090 - 1?
11692608c
In base 12, what is 556 + 27256?
277b0
In base 7, what is -5 + 20031305?
200